{"id":4068,"date":"2025-12-23T08:54:46","date_gmt":"2025-12-23T08:54:46","guid":{"rendered":"https:\/\/vs-ferlach2.ksn.at\/?page_id=4068"},"modified":"2025-12-23T09:55:41","modified_gmt":"2025-12-23T09:55:41","slug":"geschichte-ferluch","status":"publish","type":"page","link":"https:\/\/vs-ferlach2.ksn.at\/index.php\/info-schuleinschreibung\/geschichte-ferluch\/","title":{"rendered":"Geschichte: Ferluch"},"content":{"rendered":"\t\t<div data-elementor-type=\"wp-page\" data-elementor-id=\"4068\" class=\"elementor elementor-4068\">\n\t\t\t\t\t\t\t\t\t<section class=\"elementor-section elementor-top-section elementor-element elementor-element-44eb1f63 elementor-section-boxed elementor-section-height-default elementor-section-height-default\" data-id=\"44eb1f63\" data-element_type=\"section\">\n\t\t\t\t\t\t<div class=\"elementor-container elementor-column-gap-default\">\n\t\t\t\t\t<div class=\"elementor-column elementor-col-100 elementor-top-column elementor-element elementor-element-4199a93a\" data-id=\"4199a93a\" data-element_type=\"column\">\n\t\t\t<div class=\"elementor-widget-wrap elementor-element-populated\">\n\t\t\t\t\t\t\t\t<div class=\"elementor-element elementor-element-013ade5 elementor-widget elementor-widget-heading\" data-id=\"013ade5\" data-element_type=\"widget\" data-widget_type=\"heading.default\">\n\t\t\t\t<div class=\"elementor-widget-container\">\n\t\t\t<style>\/*! elementor - v3.10.2 - 29-01-2023 *\/\n.elementor-heading-title{padding:0;margin:0;line-height:1}.elementor-widget-heading .elementor-heading-title[class*=elementor-size-]>a{color:inherit;font-size:inherit;line-height:inherit}.elementor-widget-heading .elementor-heading-title.elementor-size-small{font-size:15px}.elementor-widget-heading .elementor-heading-title.elementor-size-medium{font-size:19px}.elementor-widget-heading .elementor-heading-title.elementor-size-large{font-size:29px}.elementor-widget-heading .elementor-heading-title.elementor-size-xl{font-size:39px}.elementor-widget-heading .elementor-heading-title.elementor-size-xxl{font-size:59px}<\/style><h2 class=\"elementor-heading-title elementor-size-default\">Ferluch und das gro\u00dfe Schul-Schnupper-Abenteuer<\/h2>\t\t<\/div>\n\t\t\t\t<\/div>\n\t\t\t\t<div class=\"elementor-element elementor-element-d8c2021 elementor-widget elementor-widget-spacer\" data-id=\"d8c2021\" data-element_type=\"widget\" data-widget_type=\"spacer.default\">\n\t\t\t\t<div class=\"elementor-widget-container\">\n\t\t\t<style>\/*! elementor - v3.10.2 - 29-01-2023 *\/\n.elementor-column .elementor-spacer-inner{height:var(--spacer-size)}.e-con{--container-widget-width:100%}.e-con-inner>.elementor-widget-spacer,.e-con>.elementor-widget-spacer{width:var(--container-widget-width,var(--spacer-size));--align-self:var(--container-widget-align-self,initial);--flex-shrink:0}.e-con-inner>.elementor-widget-spacer>.elementor-widget-container,.e-con-inner>.elementor-widget-spacer>.elementor-widget-container>.elementor-spacer,.e-con>.elementor-widget-spacer>.elementor-widget-container,.e-con>.elementor-widget-spacer>.elementor-widget-container>.elementor-spacer{height:100%}.e-con-inner>.elementor-widget-spacer>.elementor-widget-container>.elementor-spacer>.elementor-spacer-inner,.e-con>.elementor-widget-spacer>.elementor-widget-container>.elementor-spacer>.elementor-spacer-inner{height:var(--container-widget-height,var(--spacer-size))}<\/style>\t\t<div class=\"elementor-spacer\">\n\t\t\t<div class=\"elementor-spacer-inner\"><\/div>\n\t\t<\/div>\n\t\t\t\t<\/div>\n\t\t\t\t<\/div>\n\t\t\t\t<div class=\"elementor-element elementor-element-c071b6a elementor-widget elementor-widget-text-editor\" data-id=\"c071b6a\" data-element_type=\"widget\" data-widget_type=\"text-editor.default\">\n\t\t\t\t<div class=\"elementor-widget-container\">\n\t\t\t<style>\/*! elementor - v3.10.2 - 29-01-2023 *\/\n.elementor-widget-text-editor.elementor-drop-cap-view-stacked .elementor-drop-cap{background-color:#818a91;color:#fff}.elementor-widget-text-editor.elementor-drop-cap-view-framed .elementor-drop-cap{color:#818a91;border:3px solid;background-color:transparent}.elementor-widget-text-editor:not(.elementor-drop-cap-view-default) .elementor-drop-cap{margin-top:8px}.elementor-widget-text-editor:not(.elementor-drop-cap-view-default) .elementor-drop-cap-letter{width:1em;height:1em}.elementor-widget-text-editor .elementor-drop-cap{float:left;text-align:center;line-height:1;font-size:50px}.elementor-widget-text-editor .elementor-drop-cap-letter{display:inline-block}<\/style>\t\t\t\t<p style=\"text-align: center;\">Mit gro\u00dfer Freude m\u00f6chten wir Ihnen das gemeinsam erstellte Ferluch-Buch von den Kindergartenkindern und Kindern der VS 2 vorstellen.\u00a0<\/p>\n<p style=\"text-align: center;\">Dies ist erst der Beginn einer langen, wunderbaren Reise mit Ferluch und seinen Freunden!<\/p>\t\t\t\t\t\t<\/div>\n\t\t\t\t<\/div>\n\t\t\t\t<div class=\"elementor-element elementor-element-cec3dd7 elementor-widget elementor-widget-spacer\" data-id=\"cec3dd7\" data-element_type=\"widget\" data-widget_type=\"spacer.default\">\n\t\t\t\t<div class=\"elementor-widget-container\">\n\t\t\t\t\t<div class=\"elementor-spacer\">\n\t\t\t<div class=\"elementor-spacer-inner\"><\/div>\n\t\t<\/div>\n\t\t\t\t<\/div>\n\t\t\t\t<\/div>\n\t\t\t\t\t<\/div>\n\t\t<\/div>\n\t\t\t\t\t\t\t<\/div>\n\t\t<\/section>\n\t\t\t\t<section class=\"elementor-section elementor-top-section elementor-element elementor-element-def53ed elementor-section-boxed elementor-section-height-default elementor-section-height-default\" data-id=\"def53ed\" data-element_type=\"section\">\n\t\t\t\t\t\t<div class=\"elementor-container elementor-column-gap-default\">\n\t\t\t\t\t<div class=\"elementor-column elementor-col-50 elementor-top-column elementor-element elementor-element-125fa6d\" data-id=\"125fa6d\" data-element_type=\"column\">\n\t\t\t<div class=\"elementor-widget-wrap elementor-element-populated\">\n\t\t\t\t\t\t\t\t<div class=\"elementor-element elementor-element-37bea5f elementor-widget elementor-widget-image\" data-id=\"37bea5f\" data-element_type=\"widget\" data-widget_type=\"image.default\">\n\t\t\t\t<div class=\"elementor-widget-container\">\n\t\t\t<style>\/*! elementor - v3.10.2 - 29-01-2023 *\/\n.elementor-widget-image{text-align:center}.elementor-widget-image a{display:inline-block}.elementor-widget-image a img[src$=\".svg\"]{width:48px}.elementor-widget-image img{vertical-align:middle;display:inline-block}<\/style>\t\t\t\t\t\t\t\t\t<figure class=\"wp-caption\">\n\t\t\t\t\t\t\t\t\t\t\t<a href=\"https:\/\/vs-ferlach2.ksn.at\/wp-content\/uploads\/2025\/12\/VS2-_-Ferluch-und-das-grosse-Schul-Schnupper-Abenteuer.pdf\" target=\"_blank\">\n\t\t\t\t\t\t\t<img loading=\"lazy\" decoding=\"async\" width=\"200\" height=\"300\" src=\"https:\/\/vs-ferlach2.ksn.at\/wp-content\/uploads\/2025\/12\/Deckblatt-200x300.png\" class=\"attachment-medium size-medium wp-image-4106\" alt=\"\" srcset=\"https:\/\/vs-ferlach2.ksn.at\/wp-content\/uploads\/2025\/12\/Deckblatt-200x300.png 200w, https:\/\/vs-ferlach2.ksn.at\/wp-content\/uploads\/2025\/12\/Deckblatt-683x1024.png 683w, https:\/\/vs-ferlach2.ksn.at\/wp-content\/uploads\/2025\/12\/Deckblatt-768x1152.png 768w, https:\/\/vs-ferlach2.ksn.at\/wp-content\/uploads\/2025\/12\/Deckblatt.png 1024w\" sizes=\"auto, (max-width: 200px) 100vw, 200px\" \/>\t\t\t\t\t\t\t\t<\/a>\n\t\t\t\t\t\t\t\t\t\t\t<figcaption class=\"widget-image-caption wp-caption-text\">1. Kapitel<\/figcaption>\n\t\t\t\t\t\t\t\t\t\t<\/figure>\n\t\t\t\t\t\t\t\t\t<\/div>\n\t\t\t\t<\/div>\n\t\t\t\t\t<\/div>\n\t\t<\/div>\n\t\t\t\t<div class=\"elementor-column elementor-col-50 elementor-top-column elementor-element elementor-element-ab66591\" data-id=\"ab66591\" data-element_type=\"column\">\n\t\t\t<div class=\"elementor-widget-wrap elementor-element-populated\">\n\t\t\t\t\t\t\t\t<div class=\"elementor-element elementor-element-8d502b9 elementor-widget elementor-widget-image\" data-id=\"8d502b9\" data-element_type=\"widget\" data-widget_type=\"image.default\">\n\t\t\t\t<div class=\"elementor-widget-container\">\n\t\t\t\t\t\t\t\t\t\t\t\t<figure class=\"wp-caption\">\n\t\t\t\t\t\t\t\t\t\t<img decoding=\"async\" src=\"https:\/\/vs-ferlach2.ksn.at\/wp-content\/uploads\/elementor\/thumbs\/coming-soon-2070393_640-rcdaia7sxuns3j3xpevyjh0tdtnvp1fvwmnnhpaw70.png\" title=\"coming-soon-2070393_640\" alt=\"coming-soon-2070393_640\" loading=\"lazy\" \/>\t\t\t\t\t\t\t\t\t\t\t<figcaption class=\"widget-image-caption wp-caption-text\">Fortsetzung folgt!<\/figcaption>\n\t\t\t\t\t\t\t\t\t\t<\/figure>\n\t\t\t\t\t\t\t\t\t<\/div>\n\t\t\t\t<\/div>\n\t\t\t\t\t<\/div>\n\t\t<\/div>\n\t\t\t\t\t\t\t<\/div>\n\t\t<\/section>\n\t\t\t\t\t\t\t<\/div>\n\t\t","protected":false},"excerpt":{"rendered":"<p>Ferluch und das gro\u00dfe Schul-Schnupper-Abenteuer Mit gro\u00dfer Freude m\u00f6chten wir Ihnen das gemeinsam erstellte Ferluch-Buch von den Kindergartenkindern und Kindern der VS 2 vorstellen.\u00a0 Dies ist erst der Beginn einer [&hellip;]<\/p>\n","protected":false},"author":1,"featured_media":0,"parent":2216,"menu_order":0,"comment_status":"closed","ping_status":"closed","template":"","meta":{"_EventAllDay":false,"_EventTimezone":"","_EventStartDate":"","_EventEndDate":"","_EventStartDateUTC":"","_EventEndDateUTC":"","_EventShowMap":false,"_EventShowMapLink":false,"_EventURL":"","_EventCost":"","_EventCostDescription":"","_EventCurrencySymbol":"","_EventCurrencyCode":"","_EventCurrencyPosition":"","_EventDateTimeSeparator":"","_EventTimeRangeSeparator":"","_EventOrganizerID":[],"_EventVenueID":[],"_OrganizerEmail":"","_OrganizerPhone":"","_OrganizerWebsite":"","_VenueAddress":"","_VenueCity":"","_VenueCountry":"","_VenueProvince":"","_VenueState":"","_VenueZip":"","_VenuePhone":"","_VenueURL":"","_VenueStateProvince":"","_VenueLat":"","_VenueLng":"","_VenueShowMap":false,"_VenueShowMapLink":false,"footnotes":""},"class_list":["post-4068","page","type-page","status-publish","hentry","entry"],"yoast_head":"<!-- This site is optimized with the Yoast SEO plugin v20.3 - https:\/\/yoast.com\/wordpress\/plugins\/seo\/ -->\n<title>Geschichte: Ferluch - Volksschule Ferlach 2<\/title>\n<meta name=\"robots\" content=\"index, follow, max-snippet:-1, max-image-preview:large, max-video-preview:-1\" \/>\n<link rel=\"canonical\" href=\"https:\/\/vs-ferlach2.ksn.at\/index.php\/info-schuleinschreibung\/geschichte-ferluch\/\" \/>\n<meta property=\"og:locale\" content=\"de_DE\" \/>\n<meta property=\"og:type\" content=\"article\" \/>\n<meta property=\"og:title\" content=\"Geschichte: Ferluch - Volksschule Ferlach 2\" \/>\n<meta property=\"og:description\" content=\"Ferluch und das gro\u00dfe Schul-Schnupper-Abenteuer Mit gro\u00dfer Freude m\u00f6chten wir Ihnen das gemeinsam erstellte Ferluch-Buch von den Kindergartenkindern und Kindern der VS 2 vorstellen.\u00a0 Dies ist erst der Beginn einer [&hellip;]\" \/>\n<meta property=\"og:url\" content=\"https:\/\/vs-ferlach2.ksn.at\/index.php\/info-schuleinschreibung\/geschichte-ferluch\/\" \/>\n<meta property=\"og:site_name\" content=\"Volksschule Ferlach 2\" \/>\n<meta property=\"article:modified_time\" content=\"2025-12-23T09:55:41+00:00\" \/>\n<meta property=\"og:image\" content=\"https:\/\/vs-ferlach2.ksn.at\/wp-content\/uploads\/2025\/12\/Deckblatt-200x300.png\" \/>\n<meta name=\"twitter:card\" content=\"summary_large_image\" \/>\n<meta name=\"twitter:label1\" content=\"Gesch\u00e4tzte Lesezeit\" \/>\n\t<meta name=\"twitter:data1\" content=\"1\u00a0Minute\" \/>\n<script type=\"application\/ld+json\" class=\"yoast-schema-graph\">{\"@context\":\"https:\/\/schema.org\",\"@graph\":[{\"@type\":\"WebPage\",\"@id\":\"https:\/\/vs-ferlach2.ksn.at\/index.php\/info-schuleinschreibung\/geschichte-ferluch\/\",\"url\":\"https:\/\/vs-ferlach2.ksn.at\/index.php\/info-schuleinschreibung\/geschichte-ferluch\/\",\"name\":\"Geschichte: Ferluch - Volksschule Ferlach 2\",\"isPartOf\":{\"@id\":\"https:\/\/vs-ferlach2.ksn.at\/#website\"},\"datePublished\":\"2025-12-23T08:54:46+00:00\",\"dateModified\":\"2025-12-23T09:55:41+00:00\",\"breadcrumb\":{\"@id\":\"https:\/\/vs-ferlach2.ksn.at\/index.php\/info-schuleinschreibung\/geschichte-ferluch\/#breadcrumb\"},\"inLanguage\":\"de\",\"potentialAction\":[{\"@type\":\"ReadAction\",\"target\":[\"https:\/\/vs-ferlach2.ksn.at\/index.php\/info-schuleinschreibung\/geschichte-ferluch\/\"]}]},{\"@type\":\"BreadcrumbList\",\"@id\":\"https:\/\/vs-ferlach2.ksn.at\/index.php\/info-schuleinschreibung\/geschichte-ferluch\/#breadcrumb\",\"itemListElement\":[{\"@type\":\"ListItem\",\"position\":1,\"name\":\"Startseite\",\"item\":\"https:\/\/vs-ferlach2.ksn.at\/\"},{\"@type\":\"ListItem\",\"position\":2,\"name\":\"Info Schuleinschreibung\",\"item\":\"https:\/\/vs-ferlach2.ksn.at\/index.php\/info-schuleinschreibung\/\"},{\"@type\":\"ListItem\",\"position\":3,\"name\":\"Geschichte: Ferluch\"}]},{\"@type\":\"WebSite\",\"@id\":\"https:\/\/vs-ferlach2.ksn.at\/#website\",\"url\":\"https:\/\/vs-ferlach2.ksn.at\/\",\"name\":\"Volksschule Ferlach 2\",\"description\":\"\",\"publisher\":{\"@id\":\"https:\/\/vs-ferlach2.ksn.at\/#organization\"},\"potentialAction\":[{\"@type\":\"SearchAction\",\"target\":{\"@type\":\"EntryPoint\",\"urlTemplate\":\"https:\/\/vs-ferlach2.ksn.at\/?s={search_term_string}\"},\"query-input\":\"required name=search_term_string\"}],\"inLanguage\":\"de\"},{\"@type\":\"Organization\",\"@id\":\"https:\/\/vs-ferlach2.ksn.at\/#organization\",\"name\":\"Volksschule Ferlach 2\",\"url\":\"https:\/\/vs-ferlach2.ksn.at\/\",\"logo\":{\"@type\":\"ImageObject\",\"inLanguage\":\"de\",\"@id\":\"https:\/\/vs-ferlach2.ksn.at\/#\/schema\/logo\/image\/\",\"url\":\"https:\/\/vs-ferlach2.ksn.at\/wp-content\/uploads\/2023\/09\/cropped-image001-scaled-1.jpg\",\"contentUrl\":\"https:\/\/vs-ferlach2.ksn.at\/wp-content\/uploads\/2023\/09\/cropped-image001-scaled-1.jpg\",\"width\":1755,\"height\":1273,\"caption\":\"Volksschule Ferlach 2\"},\"image\":{\"@id\":\"https:\/\/vs-ferlach2.ksn.at\/#\/schema\/logo\/image\/\"}}]}<\/script>\n<!-- \/ Yoast SEO plugin. -->","yoast_head_json":{"title":"Geschichte: Ferluch - Volksschule Ferlach 2","robots":{"index":"index","follow":"follow","max-snippet":"max-snippet:-1","max-image-preview":"max-image-preview:large","max-video-preview":"max-video-preview:-1"},"canonical":"https:\/\/vs-ferlach2.ksn.at\/index.php\/info-schuleinschreibung\/geschichte-ferluch\/","og_locale":"de_DE","og_type":"article","og_title":"Geschichte: Ferluch - Volksschule Ferlach 2","og_description":"Ferluch und das gro\u00dfe Schul-Schnupper-Abenteuer Mit gro\u00dfer Freude m\u00f6chten wir Ihnen das gemeinsam erstellte Ferluch-Buch von den Kindergartenkindern und Kindern der VS 2 vorstellen.\u00a0 Dies ist erst der Beginn einer [&hellip;]","og_url":"https:\/\/vs-ferlach2.ksn.at\/index.php\/info-schuleinschreibung\/geschichte-ferluch\/","og_site_name":"Volksschule Ferlach 2","article_modified_time":"2025-12-23T09:55:41+00:00","og_image":[{"url":"https:\/\/vs-ferlach2.ksn.at\/wp-content\/uploads\/2025\/12\/Deckblatt-200x300.png"}],"twitter_card":"summary_large_image","twitter_misc":{"Gesch\u00e4tzte Lesezeit":"1\u00a0Minute"},"schema":{"@context":"https:\/\/schema.org","@graph":[{"@type":"WebPage","@id":"https:\/\/vs-ferlach2.ksn.at\/index.php\/info-schuleinschreibung\/geschichte-ferluch\/","url":"https:\/\/vs-ferlach2.ksn.at\/index.php\/info-schuleinschreibung\/geschichte-ferluch\/","name":"Geschichte: Ferluch - Volksschule Ferlach 2","isPartOf":{"@id":"https:\/\/vs-ferlach2.ksn.at\/#website"},"datePublished":"2025-12-23T08:54:46+00:00","dateModified":"2025-12-23T09:55:41+00:00","breadcrumb":{"@id":"https:\/\/vs-ferlach2.ksn.at\/index.php\/info-schuleinschreibung\/geschichte-ferluch\/#breadcrumb"},"inLanguage":"de","potentialAction":[{"@type":"ReadAction","target":["https:\/\/vs-ferlach2.ksn.at\/index.php\/info-schuleinschreibung\/geschichte-ferluch\/"]}]},{"@type":"BreadcrumbList","@id":"https:\/\/vs-ferlach2.ksn.at\/index.php\/info-schuleinschreibung\/geschichte-ferluch\/#breadcrumb","itemListElement":[{"@type":"ListItem","position":1,"name":"Startseite","item":"https:\/\/vs-ferlach2.ksn.at\/"},{"@type":"ListItem","position":2,"name":"Info Schuleinschreibung","item":"https:\/\/vs-ferlach2.ksn.at\/index.php\/info-schuleinschreibung\/"},{"@type":"ListItem","position":3,"name":"Geschichte: Ferluch"}]},{"@type":"WebSite","@id":"https:\/\/vs-ferlach2.ksn.at\/#website","url":"https:\/\/vs-ferlach2.ksn.at\/","name":"Volksschule Ferlach 2","description":"","publisher":{"@id":"https:\/\/vs-ferlach2.ksn.at\/#organization"},"potentialAction":[{"@type":"SearchAction","target":{"@type":"EntryPoint","urlTemplate":"https:\/\/vs-ferlach2.ksn.at\/?s={search_term_string}"},"query-input":"required name=search_term_string"}],"inLanguage":"de"},{"@type":"Organization","@id":"https:\/\/vs-ferlach2.ksn.at\/#organization","name":"Volksschule Ferlach 2","url":"https:\/\/vs-ferlach2.ksn.at\/","logo":{"@type":"ImageObject","inLanguage":"de","@id":"https:\/\/vs-ferlach2.ksn.at\/#\/schema\/logo\/image\/","url":"https:\/\/vs-ferlach2.ksn.at\/wp-content\/uploads\/2023\/09\/cropped-image001-scaled-1.jpg","contentUrl":"https:\/\/vs-ferlach2.ksn.at\/wp-content\/uploads\/2023\/09\/cropped-image001-scaled-1.jpg","width":1755,"height":1273,"caption":"Volksschule Ferlach 2"},"image":{"@id":"https:\/\/vs-ferlach2.ksn.at\/#\/schema\/logo\/image\/"}}]}},"_links":{"self":[{"href":"https:\/\/vs-ferlach2.ksn.at\/index.php\/wp-json\/wp\/v2\/pages\/4068","targetHints":{"allow":["GET"]}}],"collection":[{"href":"https:\/\/vs-ferlach2.ksn.at\/index.php\/wp-json\/wp\/v2\/pages"}],"about":[{"href":"https:\/\/vs-ferlach2.ksn.at\/index.php\/wp-json\/wp\/v2\/types\/page"}],"author":[{"embeddable":true,"href":"https:\/\/vs-ferlach2.ksn.at\/index.php\/wp-json\/wp\/v2\/users\/1"}],"replies":[{"embeddable":true,"href":"https:\/\/vs-ferlach2.ksn.at\/index.php\/wp-json\/wp\/v2\/comments?post=4068"}],"version-history":[{"count":42,"href":"https:\/\/vs-ferlach2.ksn.at\/index.php\/wp-json\/wp\/v2\/pages\/4068\/revisions"}],"predecessor-version":[{"id":4148,"href":"https:\/\/vs-ferlach2.ksn.at\/index.php\/wp-json\/wp\/v2\/pages\/4068\/revisions\/4148"}],"up":[{"embeddable":true,"href":"https:\/\/vs-ferlach2.ksn.at\/index.php\/wp-json\/wp\/v2\/pages\/2216"}],"wp:attachment":[{"href":"https:\/\/vs-ferlach2.ksn.at\/index.php\/wp-json\/wp\/v2\/media?parent=4068"}],"curies":[{"name":"wp","href":"https:\/\/api.w.org\/{rel}","templated":true}]}}